{"version":"1.0","provider_name":"C+","provider_url":"https:\/\/cmas.udd.cl\/en","author_name":"cplusAdmin","author_url":"https:\/\/cmas.udd.cl\/en\/author\/cplusadmin\/","title":"Opini\u00f3n | \"Sobre el orgullo del trabajo local\" - C+","type":"rich","width":600,"height":338,"html":"<blockquote class=\"wp-embedded-content\" data-secret=\"lSrG8mXvoG\"><a href=\"https:\/\/cmas.udd.cl\/en\/noticia\/opinion-sobre-el-orgullo-del-trabajo-local-migrado\/\">Opini\u00f3n | &#8220;Sobre el orgullo del trabajo local&#8221;<\/a><\/blockquote><iframe sandbox=\"allow-scripts\" security=\"restricted\" src=\"https:\/\/cmas.udd.cl\/en\/noticia\/opinion-sobre-el-orgullo-del-trabajo-local-migrado\/embed\/#?secret=lSrG8mXvoG\" width=\"600\" height=\"338\" title=\"&#8220;Opini\u00f3n | &#8220;Sobre el orgullo del trabajo local&#8221;&#8221; &#8212; C+\" data-secret=\"lSrG8mXvoG\" frameborder=\"0\" marginwidth=\"0\" marginheight=\"0\" scrolling=\"no\" class=\"wp-embedded-content\"><\/iframe><script>\n\/*! This file is auto-generated *\/\n!function(d,l){\"use strict\";l.querySelector&&d.addEventListener&&\"undefined\"!=typeof URL&&(d.wp=d.wp||{},d.wp.receiveEmbedMessage||(d.wp.receiveEmbedMessage=function(e){var t=e.data;if((t||t.secret||t.message||t.value)&&!\/[^a-zA-Z0-9]\/.test(t.secret)){for(var s,r,n,a=l.querySelectorAll('iframe[data-secret=\"'+t.secret+'\"]'),o=l.querySelectorAll('blockquote[data-secret=\"'+t.secret+'\"]'),c=new RegExp(\"^https?:$\",\"i\"),i=0;i<o.length;i++)o[i].style.display=\"none\";for(i=0;i<a.length;i++)s=a[i],e.source===s.contentWindow&&(s.removeAttribute(\"style\"),\"height\"===t.message?(1e3<(r=parseInt(t.value,10))?r=1e3:~~r<200&&(r=200),s.height=r):\"link\"===t.message&&(r=new URL(s.getAttribute(\"src\")),n=new URL(t.value),c.test(n.protocol))&&n.host===r.host&&l.activeElement===s&&(d.top.location.href=t.value))}},d.addEventListener(\"message\",d.wp.receiveEmbedMessage,!1),l.addEventListener(\"DOMContentLoaded\",function(){for(var e,t,s=l.querySelectorAll(\"iframe.wp-embedded-content\"),r=0;r<s.length;r++)(t=(e=s[r]).getAttribute(\"data-secret\"))||(t=Math.random().toString(36).substring(2,12),e.src+=\"#?secret=\"+t,e.setAttribute(\"data-secret\",t)),e.contentWindow.postMessage({message:\"ready\",secret:t},\"*\")},!1)))}(window,document);\n\/\/# sourceURL=https:\/\/cmas.udd.cl\/wp-includes\/js\/wp-embed.min.js\n<\/script>","thumbnail_url":"https:\/\/cmas.udd.cl\/wp-content\/uploads\/2024\/11\/WhatsApp-Image-2024-11-25-at-13.34.48.jpeg","thumbnail_width":1600,"thumbnail_height":1600,"description":"Por: Sebasti\u00e1n Adonay, investigador Centro de Investigaci\u00f3n en Tecnolog\u00edas para la Sociedad (C+), Facultad Ingenier\u00eda UDD, sede Concepci\u00f3n. Sabemos por m\u00faltiples experiencias que logramos mejores resultados cuando trabajamos colaborativamente con personas de diferentes perfiles, integrando la mayor cantidad de visiones, con el fin de fortalecer el trabajo colaborativo integral y mejorar los resultados en diferentes [&hellip;]"}

Opinión | "Sobre el orgullo del trabajo local" - C+

<blockquote class="wp-embedded-content" data-secret="lSrG8mXvoG"><a href="https://cmas.udd.cl/en/noticia/opinion-sobre-el-orgullo-del-trabajo-local-migrado/">Opinión | &#8220;Sobre el orgullo del trabajo local&#8221;</a></blockquote><iframe sandbox="allow-scripts" security="restricted" src="https://cmas.udd.cl/en/noticia/opinion-sobre-el-orgullo-del-trabajo-local-migrado/embed/#?secret=lSrG8mXvoG" width="600" height="338" title="&#8220;Opinión | &#8220;Sobre el orgullo del trabajo local&#8221;&#8221; &#8212; C+" data-secret="lSrG8mXvoG" frameborder="0" marginwidth="0" marginheight="0" scrolling="no" class="wp-embedded-content"></iframe><script>
/*! This file is auto-generated */
!function(d,l){"use strict";l.querySelector&&d.addEventListener&&"undefined"!=typeof URL&&(d.wp=d.wp||{},d.wp.receiveEmbedMessage||(d.wp.receiveEmbedMessage=function(e){var t=e.data;if((t||t.secret||t.message||t.value)&&!/[^a-zA-Z0-9]/.test(t.secret)){for(var s,r,n,a=l.querySelectorAll('iframe[data-secret="'+t.secret+'"]'),o=l.querySelectorAll('blockquote[data-secret="'+t.secret+'"]'),c=new RegExp("^https?:$","i"),i=0;i<o.length;i++)o[i].style.display="none";for(i=0;i<a.length;i++)s=a[i],e.source===s.contentWindow&&(s.removeAttribute("style"),"height"===t.message?(1e3<(r=parseInt(t.value,10))?r=1e3:~~r<200&&(r=200),s.height=r):"link"===t.message&&(r=new URL(s.getAttribute("src")),n=new URL(t.value),c.test(n.protocol))&&n.host===r.host&&l.activeElement===s&&(d.top.location.href=t.value))}},d.addEventListener("message",d.wp.receiveEmbedMessage,!1),l.addEventListener("DOMContentLoaded",function(){for(var e,t,s=l.querySelectorAll("iframe.wp-embedded-content"),r=0;r<s.length;r++)(t=(e=s[r]).getAttribute("data-secret"))||(t=Math.random().toString(36).substring(2,12),e.src+="#?secret="+t,e.setAttribute("data-secret",t)),e.contentWindow.postMessage({message:"ready",secret:t},"*")},!1)))}(window,document);
//# sourceURL=https://cmas.udd.cl/wp-includes/js/wp-embed.min.js
</script>

Por: Sebastián Adonay, investigador Centro de Investigación en Tecnologías para la Sociedad (C+), Facultad Ingeniería UDD, sede Concepción. Sabemos por múltiples experiencias que logramos mejores resultados cuando trabajamos colaborativamente con personas de diferentes perfiles, integrando la mayor cantidad de visiones, con el fin de fortalecer el trabajo colaborativo integral y mejorar los resultados en diferentes [&hellip;]
